s 653733835 prime?
False
Is 313366351 a composite number?
True
Is 17548345403 composite?
True
Is 2853467339 composite?
False
Is 17320280003 a composite number?
True
Is 689065831 a composite number?
True
Is 743536817 prime?
False
Is 78032519237 composite?
False
Is 1212494653 composite?
False
Is 36815641 a composite number?
True
Is 4946095823 prime?
True
Is 17854621 a composite number?
False
Is 1655310919 a composite number?
False
Is 41384071195 a composite number?
True
Is 4830872119 prime?
True
Is 1866297182 prime?
False
Is 3442439023 a prime number?
True
Is 17300270789 a composite number?
False
Is 6027863333 prime?
True
Is 512008031 prime?
False
Is 12058693619 a composite number?
True
Is 1359021799 composite?
True
Is 2849512397 a composite number?
False
Is 7368225086 prime?
False
Is 15191038543 a composite number?
False
Is 895226333 prime?
True
Is 403861051 a composite number?
True
Is 41743208743 a composite number?
False
Is 2323270967 composite?
False
Is 603038869 a prime number?
True
Is 9388051619 a composite number?
False
Is 78317813 a composite number?
True
Is 12124119593 composite?
True
Is 3452869957 a composite number?
True
Is 364975903 prime?
True
Is 44510499767 composite?
False
Is 20364025211 a prime number?
True
Is 915393301 composite?
False
Is 202173073 a prime number?
True
Is 367183387 composite?
True
Is 519496111 composite?
True
Is 211517482777 a prime number?
False
Is 21854046683 composite?
True
Is 297183050149 prime?
True
Is 5786814262 prime?
False
Is 4189579829 a composite number?
False
Is 7164481015 prime?
False
Is 64061126867 prime?
True
Is 14811601355 a composite number?
True
Is 4452204349 a composite number?
True
Is 7112384239 a prime number?
True
Is 14258758511 a prime number?
True
Is 1865552669 prime?
True
Is 312826141 a prime number?
False
Is 9655689377 a composite number?
True
Is 7607854145 a composite number?
True
Is 1567118197 a composite number?
True
Is 17903977519 composite?
True
Is 59468461061 a composite number?
True
Is 12180146201 composite?
True
Is 7254464381 composite?
False
Is 36817371043 a prime number?
False
Is 19239067919 a composite number?
True
Is 1167915251 prime?
True
Is 8736228091 composite?
True
Is 37842408421 a prime number?
False
Is 123291107 composite?
False
Is 21107641817 prime?
True
Is 65358793131 prime?
False
Is 396238429 a prime number?
True
Is 3230386847 a prime number?
True
Is 2786222839 prime?
False
Is 10967716729 composite?
False
Is 14365571 a prime number?
False
Is 7618190513 composite?
False
Is 8774688187 a prime number?
False
Is 426166537 prime?
True
Is 23710219457 a prime number?
False
Is 32584327621 a prime number?
True
Is 542135329 composite?
False
Is 20889768449 composite?
True
Is 1062617197 composite?
False
Is 1932654489 composite?
True
Is 321330661 composite?
False
Is 43806029915 prime?
False
Is 2786578631 composite?
False
Is 19715826337 prime?
False
Is 59737049639 a prime number?
True
Is 1253171137 a composite number?
True
Is 3591236401 a composite number?
True
Is 21326403649 a composite number?
False
Is 103185839 composite?
False
Is 325645279 composite?
False
Is 103476343 composite?
False
Is 11302378819 composite?
True
Is 10118335543 prime?
True
Is 868032551 composite?
False
Is 301545845641 prime?
False
Is 1012143829 a prime number?
True
Is 836756117 a prime number?
False
Is 128090941681 composite?
False
Is 281253643 a composite number?
True
Is 504155039 composite?
False
Is 39537921257 a composite number?
True
Is 17127412217 a composite number?
False
Is 10135794206 composite?
True
Is 27636378493 prime?
False
Is 9763746079 a prime number?
True
Is 1856337211 composite?
True
Is 173260833281 a prime number?
True
Is 6208482887 composite?
False
Is 908535877 a composite number?
False
Is 2423020465 prime?
False
Is 97581317 composite?
True
Is 3614171669 composite?
True
Is 808133059 a prime number?
True
Is 67671153149 prime?
True
Is 5610291187 composite?
False
Is 78024151 prime?
True
Is 425572194445 composite?
True
Is 5179737865 composite?
True
Is 1766458973 prime?
True
Is 4844067707 prime?
True
Is 407953621 composite?
True
Is 11393712481 a prime number?
False
Is 40641022813 prime?
True
Is 754651159 a prime number?
True
Is 24583859 a composite number?
False
Is 154144363 a composite number?
True
Is 950528983 a prime number?
True
Is 70869497341 prime?
False
Is 663994451 composite?
False
Is 1951654099 prime?
True
Is 9694482893 prime?
True
Is 119455305433 a prime number?
True
Is 137000179 composite?
False
Is 1950947059 a composite number?
False
Is 906162721 a composite number?
True
Is 1093324471 composite?
True
Is 24181786961 composite?
False
Is 24733112741 prime?
True
Is 1274775221 a composite number?
True
Is 29863206683 composite?
True
Is 3078148559 a composite number?
True
Is 150953921165 composite?
True
Is 113114867987 a prime number?
False
Is 46156843 prime?
False
Is 373966633 a prime number?
True
Is 12652922006 composite?
True
Is 789295327 a composite number?
False
Is 234473881 a composite number?
False
Is 358986569 composite?
True
Is 2007553189 prime?
False
Is 75287413 composite?
True
Is 30310288763 prime?
True
Is 4901286829 a prime number?
True
Is 21711191737 a composite number?
False
Is 1196849051 prime?
True
Is 37221025313 composite?
True
Is 13959500689 composite?
False
Is 309056549 a composite number?
True
Is 95972318765 a prime number?
False
Is 11250404661 a prime number?
False
Is 44407853899 a composite number?
True
Is 1993528081 prime?
True
Is 117472469 a prime number?
True
Is 4741556531 a composite number?
True
Is 97632848399 composite?
False
Is 302645557 a prime number?
True
Is 3253289 a prime number?
False
Is 1070061947 a composite number?
False
Is 20682965683 composite?
False
Is 12450107 a prime number?
False
Is 2468355451 composite?
True
Is 138368903 a prime number?
False
Is 46416455395 a prime number?
False
Is 32275667 composite?
False
Is 359086883 prime?
False
Is 2514659033 prime?
False
Is 2107760071 prime?
True
Is 3508787467 a prime number?
False
Is 3703301831 a composite number?
False
Is 26769995311 composite?
False
Is 2033613799 a prime number?
False
Is 1194532111 a prime number?
True
Is 7748925719 a prime number?
True
Is 87312227 a prime number?
False
Is 9476257859 prime?
False
Is 1722879511 prime?
False
Is 8769787289 composite?
False
Is 2270384873 prime?
False
Is 2077326777 composite?
True
Is 85587625835 a composite number?
True
Is 377932631 a composite number?
False
Is 12670808099 a prime number?
False
Is 32206841551 a composite number?
True
Is 8718457954 a prime number?
False
Is 3131955361 a prime number?
True
Is 802829327 a composite number?
True
Is 315819611 prime?
False
Is 539083421 composite?
False
Is 15530227117 prime?
False
Is 380704739 a composite number?
False
Is 47055780731 composite?
False
Is 15812209759 a composite number?
False
Is 2399166991 prime?
False
Is 131644033 a prime number?
False
Is 46229533201 a composite number?
True
Is 7726649087 prime?
True
Is 13355621611 composite?
False
Is 81321654719 composite?
False
Is 660005011 a prime number?
True
Is 10286521481 composite?
True
Is 726732631 prime?
False
Is 329329043 prime?
True
Is 8433209677 a composite number?
False
Is 183126670607 composite?
True
Is 80370469 a prime number?
False
Is 9039125089 a composite number?
True
Is 322151194153 a prime number?
True
Is 86762399 composite?
False
Is 7658623286 a prime number?
False
Is 6263066503 prime?
True
Is 507043673 a prime number?
False
Is 471909611 prime?
False
Is 680947417 composite?
False
Is 3651749639 a prime number?
True
Is 155889113 composite?
True
Is 6024801653 composite?
True
Is 279643333 composite?
False
Is 335043286 composite?
True
Is 27435185353 composite?
True
Is 5434154521 a composite number?
False
Is 13991183417 composite?
True
Is 189637661 composite?
False
Is 37497457597 composite?
False
Is 16672799873 prime?
False
Is 121008773863 composite?
False
Is 114823648517 a composite number?
False
Is 137663693 prime?
False
Is 332500459 composite?
True
Is 760063151 prime?
False
Is 1610533343 a prime number?
False
Is 203146607 prime?
True
Is 11924113643 a composite number?
True
Is 10237118757 a prime number?
False
Is 2965793791 a prime number?
True
Is 93572117999 prime?
True
Is 7437093949 a composite number?
False
Is 1465898131 prime?
True
Is 19550454